) to base 6
212530053
-10a5396 (base 12) to base 13
-8818b6
What is 111001000100000000101 (base 2) in base 16?
1c8805
4387380 (base 9) to base 10
2360817
Convert 1011001102210011 (base 3) to base 7.
260162353
Convert -132202313 (base 4) to base 6.
-2403115
What is 2002200121002 (base 3) in base 11?
6a2358
What is -33044103 (base 5) in base 13?
-9c517
Convert -221021200 (base 3) to base 2.
-100100000000000
What is 1542ca0 (base 13) in base 2?
11001111101001001100110
Convert -93b7 (base 15) to base 6.
-400314
Convert -5af174 (base 16) to base 8.
-26570564
1022011211 (base 3) to base 6
314421
What is 11000110010001101 (base 2) in base 14?
28dd3
-30333132 (base 6) to base 11
-542a34
What is -47674 (base 9) in base 16?
-7c9c
What is -10101122111211 (base 3) in base 12?
-72bb27
Convert -3616d (base 16) to base 7.
-1611626
What is 180925 (base 12) in base 13?
1174a6
Convert -100100110111001011111 (base 2) to base 3.
-2021100221011
Convert -1752447 (base 9) to base 2.
-11101111000111010110
Convert 541634 (base 7) to base 11.
64939
Convert -12002112020 (base 3) to base 7.
-565203
Convert 551940 (base 14) to base 13.
7a066b
What is 61a840 (base 12) in base 3?
2212211210110
What is 3a50dc (base 15) in base 2?
1010101011111100110001
212706 (base 9) to base 16
1eee2
Convert -20213013 (base 5) to base 4.
-213322310
Convert 101002001220110 (base 3) to base 15.
70bab0
882d50 (base 16) to base 2
100010000010110101010000
Convert -14023032 (base 6) to base 7.
-3664511
-50713 (base 9) to base 5
-2032014
What is 858b17 (base 12) in base 11?
1211107
What is -101212222110122 (base 3) in base 15?
-79475e
Convert -4a3307 (base 12) to base 13.
-333ca0
44668 (base 11) to base 9
107655
What is 20032333 (base 5) in base 8?
465404
What is 121112222212 (base 3) in base 16?
4f8e3
What is -34a6cb (base 14) in base 15?
-2571db
What is 20321301 (base 4) in base 7?
211212
What is -2511402 (base 8) in base 12?
-295056
Convert -100102202012 (base 3) to base 15.
-3a05b
-14358 (base 10) to base 11
-a873
-1413565 (base 8) to base 9
-667558
What is -167760 (base 8) in base 7?
-344036
-35abb (base 16) to base 15
-4520a
Convert -11001011100111000100 (base 2) to base 4.
-3023213010
3526132 (base 8) to base 14
1b0638
-1406325 (base 12) to base 14
-75cc0d
Convert df888 (base 16) to base 10.
915592
What is 15346774 (base 8) in base 11?
1a99272
What is -1a911b (base 13) in base 16?
-a5405
Convert 1c87a3 (base 14) to base 8.
3714513
Convert 312003003331 (base 4) to base 7.
231300022
d1b4 (base 15) to base 10
44269
Convert 514045 (base 6) to base 15.
c27e
What is 105150004 (base 6) in base 15?
281021
Convert 1ed95 (base 15) to base 3.
12010110112
Convert -1cfa9 (base 16) to base 10.
-118697
-19f07 (base 16) to base 14
-2aa11
-12366327 (base 9) to base 13
-134565a
237321 (base 9) to base 3
21021100201
What is 3051115 (base 8) in base 13?
223716
What is 23266100 (base 9) in base 2?
101011001100001101000100
Convert 8b987a (base 13) to base 4.
30213010031
-1101100001001110111101 (base 2) to base 10
-3543997
Convert c4771 (base 13) to base 9.
586844
Convert -12652405 (base 9) to base 12.
-2108095
79b (base 13) to base 6
10023
-1035426 (base 7) to base 2
-11110111100111111
21032212031 (base 4) to base 15
32bb75
What is 24cde (base 16) in base 14?
3cd1c
-103328 (base 10) to base 15
-20938
11240444 (base 5) to base 14
29584
What is 1142042003 (base 5) in base 9?
5050300
Convert -2220312111 (base 4) to base 13.
-1b2a45
725a7c (base 14) to base 5
1441414030
Convert -35986c (base 13) to base 4.
-10313333023
1132355 (base 8) to base 6
10340021
Convert 78580 (base 10) to base 8.
231364
What is -3a8315 (base 11) in base 6?
-21421410
Convert 1531980 (base 10) to base 6.
52500300
What is -242d5 (base 16) in base 9?
-245235
Convert 531556 (base 9) to base 2.
1001101001011010001
Convert -32212023110 (base 4) to base 11.
-2183905
Convert 6a56128 (base 11) to base 15.
1135ae8
Convert -51ea89 (base 15) to base 11.
-2221a75
-135434442 (base 6) to base 11
-163523a
What is 32030323203 (base 4) in base 10?
3722979
Convert -46325 (base 9) to base 16.
-78a4
What is -47667 (base 11) in base 10?
-68680
What is 39973 (base 14) in base 13?
4c715
Convert -2002002202 (base 5) to base 15.
-52bb52
Convert -10310101033 (base 4) to base 6.
-43021411
Convert -f3e2f (base 16) to base 13.
-28c900
Convert -13162033 (base 9) to base 10.
-6477195
Convert 232987 (base 15) to base 6.
55555331
Convert 13ef43 (base 16) to base 15.
1ac15a
What is -414302520 (base 6) in base 2?
-11011100000000000010000
Convert 7577b4 (base 13) to base 5.
1201233230
What is bc008 (base 14) in base 8?
1571530
1200000001200 (base 3) to base 12
368730
Convert -201676 (base 8) to base 14.
-1a338
614426 (base 8) to base 10
203030
a90373 (base 12) to base 10
2675463
What is 10e5 (base 15) in base 10?
3590
10353254 (base 6) to base 4
1023303202
-12254461 (base 7) to base 5
-240343241
What is -7453980 (base 11) in base 7?
-216355644
What is -d5652 (base 15) in base 7?
-5515043
What is -28a615 (base 15) in base 14?
-38dc34
What is 202043143 (base 5) in base 14?
173247
111111101101011001001 (base 2) to base 6
112424533
What is 1000011100010011010 (base 2) in base 14?
72b58
Convert 232330103 (base 4) to base 14.
500dd
Convert 446753 (base 13) to base 7.
16501046
What is 19292 (base 14) in base 13?
22c6a
-1b5040 (base 14) to base 5
-222133201
What is 111201201002121 (base 3) in base 2?
11011110101011001110111
Convert -1100200112111 (base 3) to base 15.
-e3e51
Convert -4ce43 (base 16) to base 8.
-1147103
Convert 3d2101 (base 16) to base 10.
4006145
What is 2355838 (base 9) in base 3?
2101212221022
What is 201668 (base 11) in base 15?
66108
1215315 (base 6) to base 5
4032303
Convert -3474a (base 15) to base 5.
-20321040
What is 5451552 (base 7) in base 13?
1a5137
Convert 581b2 (base 13) to base 15.
32930
-2054327 (base 10) to base 16
-1f58b7
What is 10020000221 (base 3) in base 16?
f7d8
Convert -20033103221 (base 4) to base 2.
-1000001111010011101001
What is 2515 (base 12) in base 11?
3172
40470 (base 9) to base 4
12200013
Convert -448ca2 (base 14) to base 6.
-121532142
Convert 53dccd (base 15) to base 8.
17173576
-10223 (base 15) to base 4
-30132210
14521654 (base 9) to base 8
33422274
What is ec7ee (base 16) in base 15?
142041
What is 37457 (base 12) in base 6?
1334551
Convert -18529 (base 10) to base 13.
-8584
113131032 (base 5) to base 6
15054543
3103112 (base 5) to base 4
30103213
What is -102221121020111 (base 3) in base 9?
-12847214
Convert 4726071 (base 11) to base 13.
192b723
What is 415547 (base 8) in base 7?
1113405
-34512 (base 15) to base 8
-505165
Convert 99c3 (base 15) to base 12.
16a33
Convert -70240 (base 14) to base 12.
-10ba68
Convert -101110001011100001011 (base 2) to base 4.
-11301130023
What is -1470608 (base 11) in base 2?
-1001100110111111001010
Convert -92652b (base 12) to base 13.
-623381
Convert 14716717 (base 9) to base 2.
11011111110011011011010
What is 1053402 (base 8) in base 15?
59413
Convert -1002012220000 (base 3) to base 2.
-10001100011001111100
Convert -557601 (base 8) to base 14.
-4c893
Convert 90cd28 (base 15) to base 7.
112314002
Convert 33062214 (base 7) to base 11.
16698a7
-21454350 (base 8) to base 5
-2140012110
Convert 1785456 (base 9) to base 12.
403550
Convert 40cfbe (base 16) to base 2.
10000001100111110111110
Convert 89a0 (base 12) to base 7.
62301
What is 112224 (base 8) in base 2?
1001010010010100
2aef88 (base 16) to base 5
1210020312
Convert 357fc0 (base 16) to base 9.
6533430
Convert 4202003 (base 5) to base 3.
10111122200
What is -1220311 (base 6) in base 5?
-4034130
6036355 (base 7) to base 3
1100100021011
-1ce3cd (base 16) to base 7
-22043620
What is 70620 (base 10) in base 14?
1ba44
What is -54422666 (base 7) in base 6?
-243524225
Convert 21212133020 (base 4) to base 5.
1121020221
141656 (base 9) to base 2
10101001000011111
Convert -221202020201 (base 3) to base 8.
-1735724
-380082 (base 11) to base 7
-5050232
Convert 1a54980 (base 12) to base 3.
101111210221120
Convert -163256 (base 10) to base 12.
-7a588
1001110000111111 (base 2) to base 10
39999
Convert -11110102222 (base 3) to base 8.
-253373
What is -1001110000100 (base 2) in base 6?
-35044
11102001221111 (base 3) to base 10
2343694
What is 1102430 (base 7) i